 factors of f.
3
Let o = -7 + 16. What are the prime factors of 20 + o*(-1)/(-3)?
23
Let s(v) = -v**3 - 4*v**2 + v + 8. Let q be s(-4). Suppose 0*g + 4*c - 80 = -4*g, 0 = -c - q. What are the prime factors of g?
2, 3
Let m(r) = 87*r**3 + r**2 + r. List the prime factors of m(1).
89
What are the prime factors of 322/(-2)*3*8/(-24)?
7, 23
Suppose 0 = -3*y - 4*f, -21 = -3*y + 2*f + f. Suppose y*v - 8 = 4. List the prime factors of v.
3
Let n = -34 + 4. What are the prime factors of (16/(-20))/(1/n)?
2, 3
Suppose -5*a + 0 = n - 5, 0 = -a - 2*n - 8. Suppose -3*q = 4*v - 55, -40 = 5*q - 7*q - a*v. What are the prime factors of q?
5
Suppose -k - k = 2. Let q be ((-1)/(-3))/(k/(-6)). Suppose 5*i + 4*c = 45, -c = 4*i + q*c - 35. List the prime factors of i.
5
Let j(g) = -11*g + 1. Let u be j(-1). Let o(c) = -c**3 + 5*c**2 - 2*c + 5. Let b be o(5). Let d = u + b. List the prime factors of d.
7
Let x(m) = -m + 1. Let u be x(8). Let s(f) = f + 4. Let q be s(u). List the prime factors of 12 + 0 - q - -2.
17
Suppose 0 = b - 4*b + 24. Suppose f + 4*f - 55 = 0. Let q = f - b. What are the prime factors of q?
3
Let q = 337 + -168. List the prime factors of q.
13
List the prime factors of 28 + 0 + (-5 - -6).
29
Let c(k) = 2*k - 5. Suppose 3*i - 46 = 8. Suppose -i = 3*d - 6*d. What are the prime factors of c(d)?
7
Suppose q = 3*q - 8. Suppose -q*f = -0*l - l - 238, -f + 2*l + 56 = 0. Suppose -20 = -5*z, 7*n - 2*n + 5*z = f. What are the prime factors of n?
2
Let p = 7 + -3. Let v be -1*12*2/p. List the prime factors of 8/(-12) + (-46)/v.
7
Let t be (8/12)/((-2)/(-3)). Let r = t + 2. Suppose -5*y - r = -48. What are the prime factors of y?
3
Let i = 14 + -17. List the prime factors of i/(1/(-2) + -1).
2
Let j = 47 - 95. Let k = 68 + j. What are the prime factors of k?
2, 5
Let a(j) = -j**2 + 2*j**2 + 3 + j**2 - 3*j + j**3. List the prime factors of a(-3).
3
Let j(l) = -l**2 + 9*l - 6. Let f be j(8). What are the prime factors of (1/3)/(f/84)?
2, 7
Let p(h) = h**3 + h + 5. Let n be p(0). Suppose -n*y - 45 = -5*t, 0 = t + 3*y - 0 - 17. What are the prime factors of t?
11
Let i(w) be the second derivative of -2*w**3/3 + 7*w**2/2 - 2*w. What are the prime factors of i(-7)?
5, 7
Let w(k) = 5*k**2 - 8*k + 2. Let y(u) = 4*u**2 - 7*u + 1. Let x(c) = 3*w(c) - 4*y(c). Let d be x(4). Suppose 2*q - d = 10. List the prime factors of q.
2, 3
Let y(t) = -t - 6. Let a be y(4). List the prime factors of (-116)/a + 2/5.
2, 3
Let a(n) = n**3 + 3*n**2 - 2. Let j be a(-2). Suppose -2*s - 6 = -4*q, -3*s = j*s + 2*q - 21. Suppose s = 3*r - 12. What are the prime factors of r?
5
Let s(j) = 15*j + 4. List the prime factors of s(4).
2
Let s = 43 - -11. Suppose -s = -2*u + 38. List the prime factors of u.
2, 23
List the prime factors of (-8)/36 + 220/18.
2, 3
Let y(o) = o**3 + 5*o**2 + o + 7. Let q be y(-5). Suppose 3*k = -3*p, -4 = -5*k + q*p + 10. Suppose w - 21 = -k*w. List the prime factors of w.
7
Let a be (-40)/(-10) + (-20 - -1). List the prime factors of (-9)/15*a/3.
3
Let c = 13 + -8. Suppose -4*q - 4*i = -9*q, -q = -c*i. Suppose -j - 9 = 2*j, q = 4*h - j - 71. What are the prime factors of h?
17
Let s = -68 + 68. Let i be (0 - 2/(-4))*6. Suppose 2*l - 3*u = s, 0*u + 6 = i*u. What are the prime factors of l?
3
Let q be (0 - 1) + (-5 - 2). Let j = q - -20. List the prime factors of j.
2, 3
Let h(g) = -g**3 + 6*g**2 + 9*g - 9. Suppose 9 - 3 = 3*p. Suppose 5*v = 0, 2*i = -p*i - 5*v + 28. List the prime factors of h(i).
5
Suppose 6*q = 3*q. Let p = 2 - q. List the prime factors of 8 - 2*p/4.
7
Suppose -2*c + 5*j + 41 = 0, -j = j + 6. What are the prime factors of c?
13
Let w(m) = 4*m - 2. List the prime factors of w(3).
2, 5
Let d(l) = -2*l**3 - 2*l**2 + 2*l - 1. Let j be d(3). Let q be (j + -2)/(-3) + -2. Let x = q + -13. List the prime factors of x.
2
Let t be -3 - (-9)/3*-1. What are the prime factors of 2 + 11 + t/(-3)?
3, 5
Let p be -4*(-2 + 5)/(-3). List the prime factors of (-5 + p)/(2/(-50)).
5
List the prime factors of (168/(-3))/(-1) + -1.
5, 11
Let k(q) = 4*q**2 - 11. What are the prime factors of k(5)?
89
Let v be ((-2)/6)/((-2)/(-18)). Let g be -9*((-4)/v - 1). Let h(x) = -x**3 - 2*x**2 - 1. What are the prime factors of h(g)?
2
Let y = -129 + 219. List the prime factors of y.
2, 3, 5
Let w(u) = u**2 + 5*u - 10. Let n = -13 + 18. What are the prime factors of w(n)?
2, 5
Let s(k) = -8*k**3 + 2*k**2 - 2. Let d be s(-2). Let z = d + -49. What are the prime factors of z?
3, 7
Let v = -6 - -7. Suppose -z + 2 + v = 0. Let u(a) = 4*a - 1. What are the prime factors of u(z)?
11
Let z = -57 + 135. What are the prime factors of z?
2, 3, 13
Suppose 4*k - 4*l = 20, 5*k - 2*k = -2*l + 30. Suppose k - 14 = -r. What are the prime factors of r?
2, 3
Let x(h) = -4*h + 7. Let n be (-2)/(-8) - (-25)/(-4). List the prime factors of x(n).
31
Suppose -1 = -u + 2. Suppose p = u*p - 6. Let j = p + 0. What are the prime factors of j?
3
Let b(a) = a**2 + 6*a - 1. List the prime factors of b(3).
2, 13
Let r be 72 + 2/(-3)*3. Suppose -4*i - 20 = 0, -4*i = -5*f - 0*i + r. List the prime factors of f.
2, 5
Suppose 2*k - 6*k + 4*o = -112, -5*k + 90 = 5*o. What are the prime factors of k?
23
Suppose 5*k = 3*c + 28, 4*c + 9 = k - 0. Suppose 0*f = -2*f - 5*b + 9, -b = k*f - 80. Let g = -5 + f. List the prime factors of g.
2, 3
Let u be (-8)/(-36) - (-1573)/9. Suppose 3*h = -5*m + u, -4*h + 0 = -20. Suppose 0 = s + 3*s - m. What are the prime factors of s?
2
Let b(c) = c**3 + 3*c**2 + c. Let w be b(-2). Suppose 2*l - 16 + w = -2*j, -j + 4*l + 17 = 0. Let x = j - 3. What are the prime factors of x?
2, 3
Suppose -8*g - 54 = -310. What are the prime factors of g?
2
Suppose -9*l + 47 = -241. List the prime factors of l.
2
Let v be 316/(-6)*189/(-14). List the prime factors of (-2)/(-14) - v/(-21).
2, 17
Suppose 3*v + 5 = 4*v, 3*j + 4*v - 215 = 0. What are the prime factors of j?
5, 13
Let l be 56/21*6/(-1). Let c = l - -20. List the prime factors of c.
2
Let f be -1*(1 - 2)*-10. Let n be f/4*(-16)/10. What are the prime factors of 4/(-3)*(-6)/n?
2
What are the prime factors of (-5)/((-1)/((-1)/2*-10))?
5
Let p(z) = -z + 1. Let m be p(4). Let j(q) be the second derivative of q**5/20 + 5*q**4/12 + q**3/2 + 2*q**2 + 5*q. List the prime factors of j(m).
13
Let h(p) be the second derivative of -3*p**2 + 0 + 3*p + 1/3*p**3. List the prime factors of h(5).
2
Suppose -v - 5*o = -7, -o - 13 = 3*v - 3*o. Let p be 1*2 + v + 3. Suppose 0 = -n - 0*n + p. What are the prime factors of n?
2
Let f(j) = j**2 - 5*j - 10. Let g(y) = y + 2. Let w be g(10). Suppose -3*p = 3*v - w, 4*p + 32 = -v + 3*v. What are the prime factors of f(v)?
2, 7
Suppose 10 = -7*t + 332. List the prime factors of t.
2, 23
Let j(z) be the second derivative of 9*z**5/10 - z**4/6 + z**3/6 + 3*z. List the prime factors of j(1).
17
Suppose 3*y - 45 = -5*z - y, z = -y + 10. Suppose m + z = 2*m. What are the prime factors of m?
5
Let j(y) = -2*y + 2. Let n be j(7). List the prime factors of -3 - (1 - 3) - n.
11
Let d be -2 - 28*(1 - 3). What are the prime factors of (-12)/d - (-166)/18?
3
Suppose -42 = -5*q + 68. Let p = q - 10. What are the prime factors of p?
2, 3
Let w(x) = x**3 + 3*x**2 - 5*x - 1. Suppose 2*r = -0*r - 8. Let m be w(r). Suppose n - 4 = m. List the prime factors of n.
7
Let y(o) = o**2 + 4*o - 3. Let s be y(-4). Suppose -2*n = 2*n + 4. List the prime factors of n + 2 + 5 + s.
3
Let i = 6 + -4. Suppose -44 = -b + 5*u, -b - i*u + 136 = b. Suppose 5*w - s = b, -2*w = 5*s - 3*s - 16. What are the prime factors of w?
2, 3
Let b be 15/4 - (-1)/4. Suppose -b*y + 12 + 52 = 0. Let s = -8 + y. List the prime factors of s.
2
Suppose -6*x = -2*x - 4. Let s = 69 - 58. Suppose 2 - x = -y, -y = 4*b - s. List the prime factors of b.
3
Let u(b) = 3*b - 3. Let i(x) = -x + 1. Suppose -k = -2 - 0. Let n(w) = k*i(w) + u(w). List the prime factors of n(6).
5
Suppose 835 = -p + 6*p. What are the prime factors of p?
167
Let c = 46 - -19. List the prime factors of c.
5, 13
Suppose 24 = p + 4*a, 5*a + 25 = p - 44. List the prime factors of p.
2, 11
What are the prime factors of (16/(-6))/((-18)/351)?
2, 13
Suppose -q + 20 = 4*q. Suppose 15 = -q*m - 9. Let p(f) = -f**2 - 7*f + 3. What are the prime factors of p(m)?
3
Let w be 6/(2/(16/12)). Suppose b - w = -1. L